= -4*l + 14, 5*q + 4 = l. Suppose l*s - 87 = 9. Let x = s + -4. Calculate the highest common divisor of 30 and x.
10
Let k = 1 + 0. What is the highest common factor of 9 and k?
1
Let g(n) = n**3 + 8*n**2 + 4*n - 9. Let z be g(-7). Calculate the highest common divisor of 15 and z.
3
Let m(r) = -3*r + 2. Let a be m(-4). What is the greatest common divisor of a and 98?
14
Let t be 2/(-4) - (-20)/8. What is the greatest common factor of 2 and t?
2
Let g = -5 - -9. Let o = 6 - g. Calculate the highest common factor of 6 and o.
2
Let r = -5 - -2. Let j be (1 + (-10)/6)*r. Let u be ((-9)/36)/(2/(-40)). What is the greatest common divisor of u and j?
1
Let h(c) = 3*c - 6. Let r be h(8). Suppose 2*l = 2*o + 17 + 51, 3*l + 3*o - 114 = 0. Calculate the greatest common factor of r and l.
18
Let n be 0*((-2)/(-2) + 0). Let h = 2 + n. Calculate the greatest common divisor of h and 2.
2
Let m = 8 - -2. Let s = m + 5. What is the greatest common divisor of 120 and s?
15
Suppose 4*m = 5*m. Suppose -4 = -m*k - 2*k. Suppose -2*a = -5*a + 24. Calculate the greatest common factor of k and a.
2
Let r(q) = -q + 4. Let y be r(-11). Calculate the greatest common divisor of y and 3.
3
Let k be ((-3)/4)/3*-4. Suppose q = 37 - k. Calculate the greatest common divisor of 4 and q.
4
Suppose 2*v + 16 = 4*v. Let g(c) be the first derivative of 3*c**2/2 - 9*c - 3. Let l be g(v). Calculate the highest common divisor of l and 5.
5
Let b be ((-6)/(-1))/(5/(-10)). Suppose -4*s + 86 = 3*y, 2*y - 10 + 106 = 4*s. Let j = b + s. What is the highest common factor of 22 and j?
11
Let o(i) = 54*i**2 - i - 2. Let g be o(-2). What is the greatest common divisor of 24 and g?
24
Suppose -2*q + 27 = q. Calculate the greatest common divisor of 81 and q.
9
Suppose 162 = -3*x + 6*x. Suppose -51 = g - 2*i - 12, -3*i - x = g. Let m = 78 + g. Calculate the highest common divisor of m and 3.
3
Suppose 20*s - 15*s = 840. Calculate the greatest common factor of 21 and s.
21
Let d(b) = -122*b**3 + b. Let o(w) = -w**2 - w + 1. Let n = 6 + -5. Let q be o(n). Let x be d(q). Calculate the highest common divisor of 11 and x.
11
Let n(y) be the second derivative of -3*y - 1/6*y**3 + 1/2*y**2 + 7/6*y**4 + 0. Let j be n(1). What is the greatest common factor of j and 98?
14
Let w(f) = 12*f - 4. Let k be w(7). Let o = k - 31. Suppose -b = -5*b + s + 103, 3*s + o = 2*b. What is the highest common divisor of 13 and b?
13
Suppose 0 = -3*z + 4*z - 12. Suppose 4*v - 3*v = z. Calculate the greatest common factor of 36 and v.
12
Suppose -81 = -4*r + 39. Calculate the greatest common divisor of r and 20.
10
Let i be 15/1 - (-7 - -7). What is the greatest common divisor of 5 and i?
5
Suppose -4*s + a + 43 = 0, 3*s - 25 = -s - 5*a. What is the greatest common divisor of 10 and s?
10
Let x = 63 + -54. Calculate the greatest common divisor of 54 and x.
9
Let q(d) = d - 1. Let c be q(6). Let f(j) = j**2 - 4*j - 3. Let o be f(c). Let k be (-5 - 61)*o/(-4). Calculate the greatest common divisor of k and 22.
11
Let t(l) = 37*l - 56. Let a be t(4). What is the highest common divisor of a and 4?
4
Let x be ((-1)/1 - 1) + 10. Let n(y) = y**2 - 11*y + 12. Let g be n(9). Let m be 8*(3*-1)/g. Calculate the greatest common factor of x and m.
4
Let y(g) = -g**3 + 2*g**2 + 4*g - 3. Let z be 3/((-9)/(-6)) - -1. Let w be y(z). Suppose 3*f - f - 26 = w. Calculate the highest common divisor of 117 and f.
13
Let x(k) = -2*k - 2. Let p be x(-9). What is the highest common divisor of p and 24?
8
Suppose -5*w + 3*j + 113 = -71, -2*j = 4*w - 134. Let d(m) = -m + 10. Let h be d(3). What is the highest common divisor of h and w?
7
Let y be ((-12)/(-1))/(6/(-16)). Let w = -4 - y. What is the highest common factor of 14 and w?
14
Suppose 13*d - 44 = 12*d. What is the highest common factor of d and 110?
22
Suppose 6*w - 121 - 59 = 0. What is the greatest common divisor of w and 240?
30
Let r = 200 - 120. Suppose 0 = -5*p + 2*a + 80, 5*p = 2*p + 3*a + 48. What is the greatest common factor of r and p?
16
Suppose -4*u + 2*x = x - 51, -3*x = -15. Calculate the highest common factor of 42 and u.
14
Let t be 1 + 6/(-3) + 57. Let x = 16 - 2. What is the greatest common divisor of t and x?
14
Let p be (-6)/12 - 138/4. Let k(o) = o**3 - 6*o**2 + 2*o + 6. Let v be k(5). Let g = v - p. What is the highest common factor of 65 and g?
13
Let r(i) = 5*i - 2. Let z be r(6). Suppose 3*y - 88 = -298. Let p = -28 - y. What is the highest common divisor of z and p?
14
Suppose 21 = s + 9. Calculate the highest common factor of 48 and s.
12
Let t(j) be the third derivative of -13*j**4/24 + 2*j**3/3 - 6*j**2. Let w be t(-2). Suppose 7 - 37 = -3*z. What is the highest common divisor of w and z?
10
Let s(h) be the third derivative of h**5/30 + 3*h**4/8 + 7*h**3/6 - 2*h**2. Let t be s(-7). What is the highest common divisor of 7 and t?
7
Let q = 14 + -5. Let g = q + -11. Let p(s) = -s**3 + 3*s + 3. Let d be p(g). Calculate the highest common factor of d and 25.
5
Let k be 75/9 + 4/6. Suppose -5*a + a - 40 = 0. Let v be (12/a)/((-2)/5). What is the highest common factor of v and k?
3
Let r = 85 - 47. What is the highest common divisor of 19 and r?
19
Suppose 4 = 5*d - 3*d. Calculate the greatest common divisor of d and 2.
2
Let n(r) = r**2 + 9*r - 9. Let x be n(-7). Let c = x - -36. Let d(w) = 4*w**2 + 5*w - 6. Let t be d(4). Calculate the highest common divisor of t and c.
13
Let q(z) = 2*z + 44. Let l be q(0). Suppose 13 = 5*t - 7. Calculate the highest common factor of l and t.
4
Suppose a + 5*n - 35 = 0, 4*a + 2*n = -2*n + 60. What is the greatest common divisor of a and 90?
10
Let v be (0 + 1)*-1*0. Suppose 0 = 4*c - 3*m - 68, -c + 0*m + 3*m = -8. Let n be 22/5*(c - v). Calculate the highest common divisor of 11 and n.
11
Let f be -2*(-316)/(-16)*2. Let g = -46 - f. Calculate the greatest common divisor of 3 and g.
3
Let l = -218 - -374. Calculate the highest common divisor of l and 12.
12
Let o = 19 + 5. What is the highest common divisor of o and 6?
6
Let j(y) = -y + 8. Let v be j(7). Calculate the greatest common divisor of v and 7.
1
Let v be (45/10)/((-1)/(-2)). Suppose 3 = a - v. Calculate the greatest common factor of a and 36.
12
Let y(v) = 7*v**2 + 3 - 3 + v. Let p be y(-1). What is the highest common divisor of 6 and p?
6
Suppose 0 = 14*x - 12*x - 26. What is the greatest common divisor of x and 13?
13
Let q = 1 + -3. Let s be (q - 0) + (20 - 0). Let i be (-2)/(-9) + (-156)/(-27). What is the greatest common factor of s and i?
6
Let g(t) be the first derivative of t**2 - 1. Let w be g(4). What is the greatest common divisor of 8 and w?
8
Suppose -2*f = f - 6. Calculate the highest common factor of f and 2.
2
Suppose -11 = g - 14. Calculate the greatest common factor of g and 15.
3
Let z = -11 - -20. Calculate the highest common divisor of 72 and z.
9
Let h = 11 - 16. Let z(l) = l + 7. Let y(t) = -t - 6. Let i(w) = h*z(w) - 6*y(w). Let p be i(10). Calculate the greatest common factor of 77 and p.
11
Suppose -c - 15 = -m, m + 4*c = 4*m - 48. Calculate the highest common factor of m and 96.
12
Let l be (-19)/(-7) + (-12)/(-42). Let k = -51 + 75. What is the highest common divisor of l and k?
3
Let p = -2 + 3. Let s(y) = -34*y + 5. Let d(m) = 34*m - 6. Let c(l) = -5*d(l) - 6*s(l). Let o be c(p). What is the highest common divisor of o and 51?
17
Suppose -5*v + 176 = -3*v. Calculate the highest common divisor of v and 8.
8
Let m(p) = -p**2 + 3*p + 2. Let f be m(3). Suppose -48 = -f*o - 2*s, -2*o - 2*s = o - 68. Let g = 289 - 149. What is the highest common factor of g and o?
20
Let h be 30 + ((-3)/1 - -4)*-3. Calculate the greatest common factor of 36 and h.
9
Let t(v) = -v**2 - 5*v + 2. Let z be t(-4). Let d be -3 + z - (-1 - -1). What is the highest common factor of 27 and d?
3
Suppose 11*b = 13*b - 110. Calculate the highest common factor of b and 5.
5
Let b = -46 - -72. What is the greatest common factor of b and 13?
13
Let j(y) = -y - 4*y**2 - y**3 + 2*y**2 - 2*y**2 - 3 - 3*y**2. Let x be j(-7). Let d = 7 - x. Calculate the highest common factor of 6 and d.
3
Let q = 45 + -42. Suppose -6 = -q*n - 0. Suppose 4 = r - 2. What is the greatest common divisor of n and r?
2
Suppose a = -2*o + 1 + 20, -5*o = -4*a - 46. Suppose 106 = 2*r + o. Calculate the highe